) to base 9
-17
2 (base 5) to base 12
2
-2 (base 15) to base 2
-10
44 (base 5) to base 3
220
What is -10 (base 3) in base 12?
-3
What is 80 (base 9) in base 16?
48
Convert 1 (base 7) to base 6.
1
185 (base 9) to base 3
12212
What is 16 (base 10) in base 14?
12
What is -100 (base 3) in base 15?
-9
What is b (base 12) in base 2?
1011
1a (base 15) to base 13
1c
What is -29 (base 15) in base 2?
-100111
Convert -2344 (base 5) to base 8.
-535
Convert 36 (base 13) to base 3.
1200
5 (base 10) to base 3
12
Convert 6 (base 16) to base 12.
6
What is 6 (base 13) in base 11?
6
Convert -20 (base 3) to base 13.
-6
-a (base 12) to base 7
-13
63 (base 11) to base 10
69
Convert 1011 (base 2) to base 6.
15
Convert -312 (base 8) to base 6.
-534
Convert 20 (base 4) to base 14.
8
What is -6 (base 7) in base 10?
-6
3 (base 15) to base 4
3
3 (base 12) to base 7
3
What is 3 (base 11) in base 7?
3
2 (base 12) to base 6
2
What is -100 (base 3) in base 12?
-9
What is 2 (base 10) in base 12?
2
What is -4 (base 5) in base 13?
-4
-68 (base 9) to base 13
-4a
Convert -110101 (base 2) to base 3.
-1222
-1 (base 2) to base 5
-1
What is -3 (base 9) in base 8?
-3
What is -226 (base 9) in base 10?
-186
Convert 0 (base 14) to base 4.
0
What is 4 (base 13) in base 15?
4
What is 3 (base 14) in base 4?
3
What is 3 (base 5) in base 8?
3
Convert -da (base 15) to base 2.
-11001101
5 (base 9) to base 6
5
What is -39 (base 15) in base 3?
-2000
What is d (base 16) in base 10?
13
-11 (base 13) to base 16
-e
Convert 4a (base 12) to base 15.
3d
What is 30 (base 10) in base 15?
20
Convert 1 (base 15) to base 8.
1
Convert -6 (base 9) to base 13.
-6
What is 32 (base 14) in base 3?
1122
Convert -4 (base 13) to base 14.
-4
131 (base 5) to base 4
221
27 (base 8) to base 6
35
-101 (base 2) to base 4
-11
17 (base 13) to base 15
15
10 (base 3) to base 15
3
Convert -16 (base 7) to base 6.
-21
Convert 5a (base 15) to base 10.
85
54 (base 9) to base 16
31
25 (base 8) to base 14
17
-14 (base 14) to base 7
-24
What is 3 (base 6) in base 9?
3
What is -105 (base 6) in base 14?
-2d
0 (base 4) to base 9
0
What is -20 (base 4) in base 14?
-8
-c6 (base 15) to base 8
-272
21212 (base 3) to base 12
158
-1 (base 14) to base 9
-1
Convert 243 (base 11) to base 7.
562
Convert 3 (base 5) to base 2.
11
-2 (base 16) to base 14
-2
What is 1 (base 5) in base 16?
1
-40 (base 7) to base 13
-22
What is -12100 (base 3) in base 13?
-b1
2 (base 3) to base 9
2
-3 (base 9) to base 8
-3
Convert 24 (base 10) to base 7.
33
11 (base 14) to base 6
23
111 (base 6) to base 4
223
Convert -147 (base 9) to base 13.
-97
Convert -1310 (base 4) to base 15.
-7b
Convert 10 (base 4) to base 13.
4
What is -311 (base 5) in base 6?
-213
Convert 3 (base 6) to base 14.
3
Convert -23 (base 7) to base 4.
-101
Convert 0 (base 12) to base 9.
0
a (base 15) to base 13
a
Convert -22 (base 7) to base 9.
-17
Convert 2 (base 5) to base 9.
2
-15 (base 11) to base 16
-10
0 (base 3) to base 11
0
-10011 (base 2) to base 16
-13
What is 21 (base 3) in base 4?
13
-78 (base 13) to base 5
-344
Convert 4 (base 12) to base 14.
4
Convert 9 (base 16) to base 4.
21
9 (base 14) to base 8
11
1 (base 3) to base 15
1
425 (base 6) to base 7
320
-10002 (base 4) to base 9
-316
47 (base 16) to base 4
1013
-15 (base 8) to base 15
-d
-176 (base 13) to base 5
-2031
Convert 112 (base 3) to base 4.
32
Convert 19 (base 10) to base 15.
14
Convert -1 (base 4) to base 16.
-1
Convert 9 (base 10) to base 4.
21
4 (base 16) to base 3
11
Convert 86 (base 10) to base 16.
56
-345 (base 7) to base 14
-cc
b (base 12) to base 8
13
3313 (base 4) to base 5
1442
What is -1 (base 16) in base 6?
-1
What is -2 (base 6) in base 11?
-2
Convert 19d (base 14) to base 8.
517
Convert -9 (base 11) to base 9.
-10
Convert 34 (base 5) to base 8.
23
Convert -282 (base 9) to base 10.
-236
What is -1 (base 9) in base 2?
-1
What is -7a (base 14) in base 12?
-90
What is 2311 (base 5) in base 6?
1311
Convert 16 (base 14) to base 10.
20
2 (base 9) to base 13
2
Convert 422 (base 5) to base 3.
11011
What is 100010 (base 2) in base 14?
26
-9 (base 10) to base 3
-100
Convert 11 (base 2) to base 9.
3
Convert -1000110 (base 2) to base 6.
-154
Convert -11001 (base 2) to base 11.
-23
-100 (base 8) to base 14
-48
-40 (base 7) to base 11
-26
103 (base 9) to base 11
77
106 (base 8) to base 11
64
Convert -2 (base 15) to base 2.
-10
-2 (base 6) to base 14
-2
Convert 0 (base 2) to base 4.
0
What is -101 (base 10) in base 12?
-85
What is 1120 (base 3) in base 9?
46
Convert 0 (base 13) to base 14.
0
-33 (base 6) to base 10
-21
What is -46 (base 7) in base 3?
-1021
Convert 11 (base 4) to base 16.
5
Convert -3 (base 7) to base 3.
-10
What is 1 (base 5) in base 6?
1
What is -6 (base 8) in base 3?
-20
What is 31 (base 11) in base 16?
22
What is -15 (base 13) in base 9?
-20
100100100 (base 2) to base 5
2132
Convert -72 (base 12) to base 9.
-105
What is 20 (base 3) in base 13?
6
Convert 4 (base 16) to base 8.
4
4 (base 13) to base 4
10
Convert -70 (base 15) to base 11.
-96
Convert -1 (base 6) to base 10.
-1
-111 (base 2) to base 3
-21
Convert -120 (base 3) to base 14.
-11
Convert 40 (base 13) to base 12.
44
What is -6 (base 7) in base 13?
-6
What is -24 (base 9) in base 4?
-112
Convert 26 (base 13) to base 15.
22
What is 3102 (base 5) in base 9?
486
Convert 2 (base 5) to base 9.
2
42 (base 12) to base 11
46
Convert -240 (base 5) to base 10.
-70
Convert -13 (base 10) to base 7.
-16
What is -2 (base 8) in base 2?
-10
15 (base 16) to base 7
30
-31 (base 6) to base 10
-19
Convert 1122 (base 3) to base 9.
48
Convert 39 (base 11) to base 9.
46
Convert 0 (base 14) to base 4.
0
What is -221 (base 9) in base 6?
-501
Convert -22 (base 3) to base 5.
-13
What is 123 (base 6) in base 15?
36
0 (base 8) to base 5
0
Convert -2 (base 11) to base 14.
-2
Convert 323 (base 8) to base 13.
133
2 (base 3) to base 6
2
What is -7c (base 15) in base 9?
-140
Convert -2 (base 12) to base 3.
-2
4 (base 16) to base 3
11
Convert -2 (base 6) to base 7.
-2
Convert -40 (base 11) to base 14.
-32
Convert -7 (base 8) to base 14.
-7
What is -44 (base 6) in base 8?
-34
Convert -38 (base 9) to base 13.
-29
-1202 (base 3) to base 13
-38
-c (base 14) to base 5
-22
Convert -4 (base 10) to base 15.
-4
What is -61 (base 11) in base 13?
-52
What is 10 (base 2) in base 11?
2
What is -38 (base 12) in base 13?
-35
-10c (base 14) to base 11
-17a
What is -24 (base 13) in base 2?
-11110
12 (base 10) to base 16
c
Convert 12 (base 4) to base 14.
6
1 (base 13) to base 10
1
-165 (base 9) to base 11
-118
-12 (base 7) to base 14
-9
Convert 32 (base 10) to base 3.
1012
-1 (base 6) to base 13
-1
Convert 1 (base 9) to base 4.
1
What is 110 (base 8) in base 7?
132
What is 155 (base 13) in base 3?
22212
What is 337 (base 8) in base 11?
193
d (base 15) to base 3
111
61 (base 14) to base 5
320
-133 (base 4) to base 15
-21
What is -4 (base 13) in base 4?
-10
What is 2 (base 16) in base 7?
2
Convert 8 (base 13) to base 4.
20
1a (base 14) to base 10
24
Convert 3 (base 14) to base 16.
3
-4 (base 15) to base 14
-4
a8 (base 13) to base 12
b6
2 (base 12) to base 15
2
-59 (base 16) to base 11
-81
What is -20 (base 15) in base 10?
-30
Convert -8 (base 14) to base 10.
-8
What is -2320 (base 4) in base 16?
-b8
97 (base 10) to base 4
1201
Convert -1011110 (base 2) to base 3.
-10111
53 (base 11) to base 5
213
-1 (base 7) to base 13
-1
65 (base 9) to base 12
4b
What is 12 (base 7) in base 5?
14
Convert -33 (base 4) to base 6.
-23
What is -3 (base 13) in base 16?
-3
1 (base 11) to base 5
1
-20 (base 8) to base 14
-12
What is 211 (base 5) in base 4?
320
-49 (base 16) to base 4
-1021
-103 (base 5) to base 11
-26
What is -3 (base 14) in base 6?
-3
Convert 29 (base 10) to base 3.
1002
3 (base 14) to base 6
3
5 (base 8) to base 12
5
Convert 15 (base 8) to base 7.
16
-1101100 (base 2) to base 8
-154
3 (base 11) to base 12
3
What is -10 (base 2) in base 13?
-2
What is -152 (base 6) in base 4?
-1010
What is -2d (base 14) in base 11?
-38
What is 12 (base 8) in base 2?
1010
Convert 5 (base 12) to base 14.
5
5 (base 7) to base 15
5
What is -51 (base 7) in base 12?
-30
What is ab (base 13) in base 15?
96
41 (base 5) to base 15
16
-16 (base 11) to base 2
-10001
What is 44 (base 6) in base 16?
1c
What is 11 (base 2) in base 5?
3
Conve